culate the greatest common divisor of 5867879 and 13712.
857
What is the greatest common divisor of 58196318 and 1220?
122
What is the greatest common divisor of 22845682 and 2?
2
Calculate the highest common divisor of 1248 and 4215036.
12
What is the highest common factor of 3836 and 689471132?
3836
What is the greatest common factor of 16457960 and 340?
20
What is the highest common divisor of 31504 and 7039712?
2864
What is the highest common divisor of 160868884 and 44?
44
What is the greatest common factor of 83312320 and 27040?
2080
What is the greatest common divisor of 87444 and 1396328?
1388
What is the highest common factor of 8866 and 213603702?
806
Calculate the greatest common divisor of 443580557 and 835.
167
Calculate the highest common divisor of 137486 and 6778.
2
What is the highest common divisor of 98173 and 22743?
19
Calculate the highest common factor of 10 and 42112790.
10
Calculate the highest common factor of 138718653 and 3282.
1641
Calculate the highest common factor of 25345697 and 2252.
563
Calculate the highest common factor of 400 and 524410.
10
Calculate the highest common factor of 226 and 85307316.
226
Calculate the highest common divisor of 828 and 32044644.
36
Calculate the highest common divisor of 1957338 and 48843.
1809
Calculate the highest common divisor of 825432 and 1176.
24
What is the highest common factor of 40534 and 3439154?
3118
What is the highest common divisor of 700 and 210242900?
700
Calculate the greatest common factor of 770775 and 1050.
75
What is the highest common factor of 3624499 and 67?
67
What is the greatest common divisor of 14586 and 58490718?
858
Calculate the highest common divisor of 1487506 and 54238.
1154
Calculate the greatest common divisor of 820080 and 4165.
85
Calculate the greatest common divisor of 12441 and 2004915.
957
Calculate the greatest common divisor of 218652 and 684684.
1596
Calculate the greatest common factor of 759618 and 6642.
162
What is the highest common factor of 1623293637 and 1734?
867
What is the highest common divisor of 70986939 and 2599?
113
Calculate the highest common divisor of 25010059 and 358.
179
What is the highest common divisor of 120994182 and 54?
54
What is the greatest common factor of 288 and 3952032?
96
What is the greatest common factor of 13161528 and 127224?
4104
Calculate the greatest common factor of 14 and 275386090.
14
What is the greatest common divisor of 617295 and 777?
21
Calculate the highest common divisor of 44576 and 1406930.
2786
Calculate the greatest common divisor of 17177 and 38804.
89
Calculate the highest common divisor of 45412904 and 376.
376
Calculate the highest common divisor of 593647593 and 33.
33
What is the highest common factor of 439476 and 1908?
636
What is the highest common divisor of 11857 and 319805?
167
What is the highest common factor of 683666244 and 12?
12
What is the greatest common factor of 2041 and 18957436?
157
What is the greatest common divisor of 21450 and 204900?
150
What is the highest common factor of 158164284 and 6?
6
Calculate the highest common divisor of 3718384 and 1110112.
4912
Calculate the greatest common divisor of 91 and 53861938.
13
Calculate the highest common divisor of 248210460 and 90.
90
What is the greatest common divisor of 133 and 2727893?
7
What is the greatest common factor of 185 and 517098495?
185
What is the greatest common divisor of 33671451 and 24156?
2013
What is the greatest common factor of 2280 and 59834895?
285
What is the greatest common divisor of 613878 and 26058?
606
What is the greatest common factor of 184 and 6225664?
8
What is the greatest common factor of 151845867 and 2796?
699
What is the greatest common divisor of 45153 and 12938843?
5017
Calculate the highest common divisor of 86656 and 2043186.
1354
What is the highest common divisor of 96937018 and 4314?
1438
What is the greatest common factor of 24966395 and 482?
241
Calculate the greatest common divisor of 570328453 and 84664.
10583
What is the highest common factor of 59534 and 1698882?
206
Calculate the highest common factor of 37993822 and 1499860.
7894
Calculate the highest common divisor of 111103997 and 488.
61
What is the greatest common divisor of 36 and 569472?
12
What is the highest common factor of 7944434 and 58?
58
What is the highest common factor of 24384 and 1574976?
192
Calculate the highest common factor of 166632 and 3975.
159
What is the greatest common factor of 2214212 and 63700?
2548
What is the highest common factor of 2384599 and 329?
7
What is the greatest common divisor of 1794152 and 1096?
1096
Calculate the greatest common factor of 2990 and 4128592.
598
What is the greatest common factor of 28 and 82354652?
4
What is the highest common factor of 1012089 and 663?
39
Calculate the highest common factor of 182979 and 594.
27
Calculate the highest common factor of 313 and 66154428.
313
Calculate the greatest common divisor of 9 and 15499233.
9
Calculate the greatest common factor of 52756235 and 1575.
35
What is the greatest common factor of 258780 and 11265?
15
What is the greatest common factor of 28094 and 770?
22
Calculate the highest common factor of 28259 and 17235421.
2569
Calculate the highest common divisor of 394372 and 33.
11
What is the highest common factor of 336988735 and 42707?
6101
What is the greatest common factor of 4054491 and 17792?
139
Calculate the highest common divisor of 666291319 and 153.
17
What is the highest common divisor of 269811 and 96633?
81
What is the greatest common factor of 22 and 164879011?
11
Calculate the highest common divisor of 7820 and 10346200.
340
What is the highest common factor of 240976 and 24?
8
Calculate the highest common factor of 30032652 and 5746.
338
What is the highest common divisor of 38 and 6799131?
19
What is the greatest common divisor of 105 and 162113?
7
Calculate the greatest common divisor of 1570943190 and 30.
30
What is the highest common factor of 114 and 1482666?
6
What is the highest common divisor of 2508 and 187882260?
228
What is the greatest common divisor of 22 and 40822430?
22
Calculate the highest common factor of 72254842 and 22.
22
What is the highest common divisor of 4258546 and 228?
38
What is the greatest common divisor of 16856 and 689528?
392
Calculate the highest common divisor of 1223637504 and 3072.
1536
What is the greatest common factor of 10152 and 4163589?
1269
Calculate the greatest common factor of 4020346 and 40700.
814
What is the highest common factor of 18475402 and 22?
22
What is the highest common divisor of 33201 and 10135791?
4743
What is the highest common factor of 57702803 and 211?
211
What is the highest common divisor of 69000 and 501040?
40
Calculate the highest common factor of 2040654 and 46354.
1078
What is the greatest common factor of 28854983 and 23228?
5807
Calculate the highest common factor of 2508 and 170862.
6
Calculate the highest common factor of 20890 and 45473352.
4178
Calculate the highest common divisor of 25107296 and 32.
32
Calculate the highest common divisor of 384 and 19649536.
128
Calculate the highest common factor of 557848665 and 4920.
615
Calculate the greatest common divisor of 30962 and 1641890.
226
Calculate the highest common divisor of 83100 and 21100.
100
Calculate the highest common factor of 2208 and 448033008.
1104
What is the greatest common factor of 832 and 1431352?
104
Calculate the highest common divisor of 33671149 and 11967.
3989
What is the highest common factor of 496 and 3303050?
62
Calculate the highest common divisor of 118604 and 57812.
596
What is the highest common divisor of 14130 and 133780014?
2826
Calculate the greatest common factor of 183564 and 4356.
36
Calculate the greatest common divisor of 510 and 2671920.
30
What is the highest common divisor of 22775 and 632234?
911
Calculate the greatest common divisor of 21 and 277072089.
21
What is the greatest common factor of 287068 and 536468?
172
Calculate the greatest common factor of 6540780 and 160.
20
Calculate the highest common factor of 186467 and 21040.
263
What is the greatest common factor of 81015384 and 72?
24
Calculate the highest common divisor of 410030 and 7860.
1310
Calculate the greatest common factor of 51020005 